) to base 11.
592
Convert -101201 (base 3) to base 2.
-100100001
What is -58 (base 9) in base 13?
-41
-2882 (base 14) to base 11
-5429
What is 69d7 (base 14) in base 4?
10133301
Convert 249 (base 12) to base 8.
531
3056 (base 8) to base 3
2011121
What is 4114 (base 8) in base 4?
201030
Convert 302322 (base 4) to base 15.
e73
Convert d1 (base 16) to base 7.
416
Convert 1011010010 (base 2) to base 14.
398
-1001000000011001 (base 2) to base 8
-110031
What is 10000111110 (base 2) in base 4?
100332
10001022 (base 3) to base 6
14142
Convert -134 (base 15) to base 11.
-22a
Convert 2314 (base 8) to base 11.
a17
140034 (base 5) to base 6
42044
What is -ad5 (base 14) in base 5?
-32042
What is -1001011001001100 (base 2) in base 16?
-964c
Convert -1676 (base 11) to base 13.
-c88
What is -1210212 (base 4) in base 15?
-1d93
8547 (base 10) to base 4
2011203
1830 (base 11) to base 7
6541
What is -a075 (base 11) in base 16?
-3450
Convert 2211102 (base 3) to base 4.
200033
392 (base 11) to base 6
2052
105 (base 15) to base 3
22112
Convert -416 (base 14) to base 4.
-30210
What is 1074 (base 13) in base 7?
6453
Convert 100133 (base 4) to base 6.
4515
-674 (base 13) to base 4
-101111
1a6 (base 12) to base 14
154
Convert 2204 (base 5) to base 9.
367
-12616 (base 7) to base 15
-1014
Convert -132014 (base 8) to base 11.
-316a2
1064 (base 8) to base 16
234
Convert -42212 (base 6) to base 5.
-140241
Convert -6d (base 15) to base 9.
-124
What is -320 (base 12) in base 8?
-710
Convert -37735 (base 8) to base 3.
-211102112
What is 14702 (base 10) in base 6?
152022
Convert -788 (base 10) to base 4.
-30110
Convert -2a1 (base 11) to base 5.
-2403
Convert 1022221 (base 4) to base 10.
4777
Convert -1001010 (base 4) to base 12.
-24b0
Convert -100 (base 14) to base 2.
-11000100
Convert 202 (base 16) to base 13.
307
12770 (base 9) to base 8
20711
What is -23857 (base 9) in base 3?
-210221221
Convert -2011202 (base 3) to base 13.
-950
Convert 6cb (base 16) to base 7.
5033
Convert 17b (base 15) to base 12.
245
Convert 586 (base 13) to base 8.
1673
Convert -1521 (base 14) to base 16.
-ea9
Convert -1a0 (base 16) to base 4.
-12200
What is 110100001101100 (base 2) in base 14?
9a56
Convert -24234 (base 5) to base 16.
-71b
Convert 30006 (base 9) to base 4.
10303221
What is 9946 (base 14) in base 2?
110011110011010
Convert -1333230 (base 4) to base 11.
-615a
-499 (base 11) to base 14
-304
What is -23111303 (base 4) in base 13?
-181b2
Convert -733 (base 16) to base 15.
-82d
Convert 211220001 (base 3) to base 12.
97a7
Convert -48271 (base 9) to base 14.
-bab4
What is -8cb9 (base 15) in base 10?
-29874
Convert b67 (base 14) to base 7.
6360
What is 12312320 (base 4) in base 13?
ca28
What is 2205 (base 8) in base 10?
1157
What is -144221 (base 6) in base 7?
-55360
Convert -245 (base 7) to base 14.
-95
Convert 8686 (base 9) to base 12.
3850
Convert -10200010 (base 3) to base 13.
-12ab
What is 366 (base 8) in base 2?
11110110
a11 (base 12) to base 6
10421
What is -6965 (base 10) in base 9?
-10488
21012221 (base 3) to base 4
1102033
Convert 2322 (base 9) to base 6.
11545
What is 16324 (base 10) in base 6?
203324
Convert 23e (base 16) to base 8.
1076
Convert -436 (base 7) to base 4.
-3133
Convert -8c22 (base 15) to base 10.
-29732
What is 9385 (base 13) in base 2?
100111110100101
10103 (base 5) to base 12
465
What is -1011220 (base 3) in base 16?
-35d
7741 (base 8) to base 15
1310
Convert -1a4 (base 15) to base 2.
-101111011
Convert 130 (base 11) to base 3.
12201
What is -133245 (base 6) in base 13?
-585b
Convert 2304 (base 7) to base 16.
345
What is 946 (base 10) in base 16?
3b2
Convert -2313221 (base 5) to base 6.
-520554
What is -449 (base 10) in base 8?
-701
3a0a (base 13) to base 6
102215
2547 (base 10) to base 13
120c
What is 345 (base 16) in base 8?
1505
Convert 1162 (base 15) to base 14.
14ba
Convert 13020 (base 4) to base 11.
385
What is 23323 (base 6) in base 4?
310203
-34a5 (base 12) to base 4
-1123331
What is 10010001000110 (base 2) in base 4?
2101012
What is 15aaa (base 12) in base 4?
13203202
What is 88 (base 15) in base 2?
10000000
530525 (base 6) to base 7
236156
-3b9 (base 15) to base 8
-1521
-401352 (base 7) to base 3
-10102221110
55cc (base 15) to base 12
a640
What is c0e (base 15) in base 7?
10625
Convert -1308 (base 13) to base 12.
-16a0
What is 104231 (base 6) in base 14?
3279
-134e3 (base 15) to base 11
-4252a
245 (base 10) to base 16
f5
-13a (base 14) to base 16
-f8
Convert 100021011 (base 3) to base 6.
51134
What is 1101121 (base 3) in base 7?
2650
Convert 10011100 (base 2) to base 15.
a6
Convert 7b2 (base 14) to base 6.
11024
What is 420 (base 15) in base 16?
3a2
Convert 3025 (base 6) to base 15.
2e5
Convert -12c7 (base 13) to base 3.
-10200221
Convert -99a (base 12) to base 9.
-1841
What is 19a (base 12) in base 9?
321
What is 32112 (base 4) in base 9?
1230
What is 213 (base 15) in base 16?
1d4
12241 (base 6) to base 13
aa5
Convert -234 (base 16) to base 6.
-2340
What is -22160 (base 8) in base 2?
-10010001110000
444 (base 8) to base 4
10210
Convert 8a73 (base 11) to base 16.
2ea2
Convert 543 (base 9) to base 4.
12330
What is -15131 (base 6) in base 5?
-34211
Convert 472 (base 15) to base 16.
3ef
What is -5384 (base 10) in base 11?
-4055
42101 (base 7) to base 16
2864
263 (base 9) to base 8
333
Convert -1101110110001 (base 2) to base 9.
-10646
Convert 2023312 (base 4) to base 6.
105234
-227 (base 9) to base 11
-160
Convert -b66 (base 12) to base 14.
-86a
Convert -62804 (base 9) to base 7.
-231631
Convert -102412 (base 5) to base 9.
-4688
What is 10111001110111 (base 2) in base 6?
131023
Convert 2310010 (base 4) to base 9.
16724
-4202 (base 5) to base 16
-228
What is 202010222 (base 3) in base 13?
68ba
What is 1001110010111 (base 2) in base 10?
5015
1011010110001 (base 2) to base 15
1ac4
Convert 2266 (base 16) to base 8.
21146
What is -242 (base 7) in base 10?
-128
-22220110 (base 3) to base 5
-201432
Convert -1000212 (base 3) to base 7.
-2123
17072 (base 10) to base 8
41260
141 (base 7) to base 13
60
1300002 (base 4) to base 6
53110
-9093 (base 10) to base 13
-41a6
What is -a8 (base 12) in base 2?
-10000000
What is -3433 (base 14) in base 13?
-4180
2200220101 (base 3) to base 15
10b31
43342 (base 6) to base 5
142331
What is 2001 (base 11) in base 16?
a67
Convert 113418 (base 9) to base 13.
25025
What is 132314 (base 5) in base 9?
7276
Convert -147 (base 15) to base 12.
-204
What is 1261 (base 7) in base 8?
744
Convert -5453 (base 10) to base 11.
-4108
4160 (base 7) to base 14
767
What is -147a0 (base 11) in base 6?
-240510
What is 120 (base 13) in base 3?
21020
102031 (base 6) to base 11
61aa
What is -11030301 (base 4) in base 3?
-1002012210
e49 (base 16) to base 5
104112
What is 3513 (base 12) in base 15?
1b49
-35a (base 11) to base 2
-110101100
What is 21123131 (base 4) in base 2?
1001011011011101
What is 171c9 (base 13) in base 6?
540550
What is 666 (base 9) in base 10?
546
What is 202020 (base 3) in base 13?
330
Convert -239 (base 12) to base 10.
-333
What is 61 (base 7) in base 4?
223
What is 6937 (base 14) in base 4?
10131211
What is 1010001011100 (base 2) in base 11?
3a09
Convert 10220 (base 6) to base 5.
21010
Convert -332022 (base 6) to base 9.
-41845
7064 (base 9) to base 3
21002011
Convert 523 (base 12) to base 5.
10442
What is 2066 (base 11) in base 3?
10202021
Convert 59 (base 12) to base 14.
4d
What is 23224 (base 5) in base 14?
889
What is -4851 (base 14) in base 8?
-30507
-61046 (base 7) to base 4
-3212333
310 (base 16) to base 6
3344
Convert -626 (base 7) to base 10.
-314
What is -2dc (base 14) in base 10?
-586
Convert -2a5 (base 11) to base 13.
-216
Convert -16524 (base 7) to base 9.
-6426
What is -5052 (base 6) in base 14?
-596
116 (base 15) to base 10
246
Convert 10130 (base 4) to base 13.
18b
4335 (base 7) to base 15
6d0
5474 (base 10) to base 14
1dd0
What is 1070 (base 16) in base 5?
113313
What is -2224 (base 11) in base 12?
-1842
-233 (base 14) to base 9
-535
What is -1186 (base 11) in base 6?
-11054
What is 333 (base 11) in base 6?
1503
What is 163714 (base 8) in base 13?
21018
-aaa (base 16) to base 13
-1320
Convert 16256 (base 7) to base 6.
33142
What is -582 (base 13) in base 3?
-1022020
-4196 (base 10) to base 16
-1064
-495 (base 16) to 